are the prime factors of 67125?
3, 5, 179
List the prime factors of 662.
2, 331
List the prime factors of 5928.
2, 3, 13, 19
List the prime factors of 18315.
3, 5, 11, 37
List the prime factors of 142338.
2, 3, 7, 3389
What are the prime factors of 25626?
2, 3, 4271
What are the prime factors of 2073?
3, 691
List the prime factors of 11661.
3, 13, 23
What are the prime factors of 149710?
2, 5, 11, 1361
What are the prime factors of 709?
709
List the prime factors of 3744.
2, 3, 13
What are the prime factors of 5054?
2, 7, 19
What are the prime factors of 41523?
3, 13841
What are the prime factors of 1798?
2, 29, 31
What are the prime factors of 2446?
2, 1223
List the prime factors of 15537.
3, 5179
What are the prime factors of 8228?
2, 11, 17
List the prime factors of 7034.
2, 3517
What are the prime factors of 15043?
7, 307
List the prime factors of 696.
2, 3, 29
List the prime factors of 3520.
2, 5, 11
List the prime factors of 30790.
2, 5, 3079
What are the prime factors of 1903?
11, 173
List the prime factors of 26500.
2, 5, 53
List the prime factors of 938.
2, 7, 67
What are the prime factors of 12216?
2, 3, 509
List the prime factors of 7605.
3, 5, 13
What are the prime factors of 223?
223
What are the prime factors of 2526?
2, 3, 421
List the prime factors of 1726.
2, 863
List the prime factors of 13705.
5, 2741
List the prime factors of 2218.
2, 1109
List the prime factors of 1881.
3, 11, 19
What are the prime factors of 12587?
41, 307
List the prime factors of 38166.
2, 3, 6361
List the prime factors of 14476.
2, 7, 11, 47
What are the prime factors of 522?
2, 3, 29
What are the prime factors of 11643?
3, 3881
List the prime factors of 2758.
2, 7, 197
List the prime factors of 3231.
3, 359
List the prime factors of 829.
829
What are the prime factors of 1636?
2, 409
List the prime factors of 3726.
2, 3, 23
What are the prime factors of 2569?
7, 367
What are the prime factors of 18464?
2, 577
List the prime factors of 92201.
137, 673
What are the prime factors of 89874?
2, 3, 4993
What are the prime factors of 3863?
3863
What are the prime factors of 660?
2, 3, 5, 11
List the prime factors of 688.
2, 43
What are the prime factors of 1707?
3, 569
List the prime factors of 20248.
2, 2531
List the prime factors of 508.
2, 127
What are the prime factors of 1915?
5, 383
What are the prime factors of 2281?
2281
What are the prime factors of 13372?
2, 3343
List the prime factors of 2851.
2851
What are the prime factors of 3902?
2, 1951
List the prime factors of 30227.
167, 181
What are the prime factors of 1021?
1021
List the prime factors of 14716.
2, 13, 283
List the prime factors of 17678.
2, 8839
List the prime factors of 11918.
2, 59, 101
List the prime factors of 1456.
2, 7, 13
What are the prime factors of 3827?
43, 89
List the prime factors of 9664.
2, 151
List the prime factors of 1552.
2, 97
List the prime factors of 2128.
2, 7, 19
What are the prime factors of 1607?
1607
What are the prime factors of 22759?
11, 2069
What are the prime factors of 2216?
2, 277
What are the prime factors of 5805?
3, 5, 43
List the prime factors of 354.
2, 3, 59
List the prime factors of 19466.
2, 9733
List the prime factors of 3877.
3877
What are the prime factors of 122?
2, 61
What are the prime factors of 3216?
2, 3, 67
What are the prime factors of 7512?
2, 3, 313
List the prime factors of 24100.
2, 5, 241
What are the prime factors of 975?
3, 5, 13
What are the prime factors of 1270?
2, 5, 127
What are the prime factors of 77200?
2, 5, 193
List the prime factors of 8470.
2, 5, 7, 11
What are the prime factors of 511?
7, 73
What are the prime factors of 83761?
83761
List the prime factors of 3189.
3, 1063
List the prime factors of 2053.
2053
What are the prime factors of 9690?
2, 3, 5, 17, 19
What are the prime factors of 15549?
3, 71, 73
List the prime factors of 96234.
2, 3, 43, 373
What are the prime factors of 1381?
1381
What are the prime factors of 10187?
61, 167
What are the prime factors of 227?
227
List the prime factors of 12773.
53, 241
List the prime factors of 4830.
2, 3, 5, 7, 23
List the prime factors of 8808.
2, 3, 367
List the prime factors of 994.
2, 7, 71
What are the prime factors of 28880?
2, 5, 19
List the prime factors of 1257.
3, 419
List the prime factors of 26764.
2, 6691
List the prime factors of 24159.
3, 8053
List the prime factors of 8274.
2, 3, 7, 197
What are the prime factors of 1583?
1583
What are the prime factors of 49635?
3, 5, 1103
What are the prime factors of 1078?
2, 7, 11
What are the prime factors of 4876?
2, 23, 53
What are the prime factors of 1689?
3, 563
What are the prime factors of 457?
457
List the prime factors of 745.
5, 149
What are the prime factors of 126640?
2, 5, 1583
What are the prime factors of 13998?
2, 3, 2333
What are the prime factors of 29930?
2, 5, 41, 73
List the prime factors of 4135.
5, 827
List the prime factors of 369.
3, 41
What are the prime factors of 87710?
2, 5, 7, 179
List the prime factors of 17662.
2, 8831
What are the prime factors of 44846?
2, 17, 1319
What are the prime factors of 14796?
2, 3, 137
What are the prime factors of 468?
2, 3, 13
What are the prime factors of 554?
2, 277
List the prime factors of 600.
2, 3, 5
What are the prime factors of 281?
281
What are the prime factors of 34593?
3, 13, 887
List the prime factors of 104430.
2, 3, 5, 59
What are the prime factors of 4450?
2, 5, 89
What are the prime factors of 5869?
5869
What are the prime factors of 1597?
1597
List the prime factors of 936.
2, 3, 13
List the prime factors of 2443.
7, 349
List the prime factors of 11890.
2, 5, 29, 41
What are the prime factors of 26953?
26953
What are the prime factors of 893?
19, 47
What are the prime factors of 34763?
34763
List the prime factors of 15099.
3, 7, 719
What are the prime factors of 729?
3
What are the prime factors of 4491?
3, 499
What are the prime factors of 9506?
2, 7, 97
List the prime factors of 77838.
2, 3, 12973
List the prime factors of 56548.
2, 67, 211
What are the prime factors of 785?
5, 157
List the prime factors of 36384.
2, 3, 379
What are the prime factors of 1045?
5, 11, 19
What are the prime factors of 73489?
13, 5653
What are the prime factors of 2266?
2, 11, 103
List the prime factors of 11575.
5, 463
What are the prime factors of 396?
2, 3, 11
List the prime factors of 33775.
5, 7, 193
What are the prime factors of 115?
5, 23
List the prime factors of 160059.
3, 53353
What are the prime factors of 10279?
19, 541
What are the prime factors of 60240?
2, 3, 5, 251
What are the prime factors of 44752?
2, 2797
List the prime factors of 1259.
1259
What are the prime factors of 3118?
2, 1559
What are the prime factors of 13361?
31, 431
List the prime factors of 956.
2, 239
List the prime factors of 19035.
3, 5, 47
List the prime factors of 1242.
2, 3, 23
What are the prime factors of 66186?
2, 3, 3677
What are the prime factors of 1488?
2, 3, 31
What are the prime factors of 615?
3, 5, 41
List the prime factors of 101446.
2, 50723
What are the prime factors of 222?
2, 3, 37
What are the prime factors of 480?
2, 3, 5
What are the prime factors of 626?
2, 313
List the prime factors of 2178.
2, 3, 11
What are the prime factors of 20205?
3, 5, 449
List the prime factors of 37151.
97, 383
What are the prime factors of 271?
271
What are the prime factors of 3551?
53, 67
What are the prime factors of 33848?
2, 4231
What are the prime factors of 111?
3, 37
List the prime factors of 1700.
2, 5, 17
List the prime factors of 14799.
3, 4933
What are the prime factors of 3680?
2, 5, 23
What are the prime factors of 3663?
3, 11, 37
List the prime factors of 667.
23, 29
What are the prime factors of 142?
2, 71
List the prime factors of 628.
2, 157
What are the prime factors of 127278?
2, 3, 2357
What are the prime factors of 11729?
37, 317
List the prime factors of 139287.
3, 29, 1601
What are the prime factors of 2859?
3, 953
What are the prime factors of 2289?
3, 7, 109
What are the prime factors of 2368?
2, 37
What are the prime factors of 41548?
2, 13, 17, 47
List the prime factors of 6831.
3, 11, 23
What are the prime factors of 689?
13, 53
What are the prime factors of 1556?
2, 389
List the prime factors of 68171.
68171
What are the prime facto